478.
53
What is the remainder when 21063 is divided by 5263?
11
What is the remainder when 74836 is divided by 1527?
13
Calculate the remainder when 1090472 is divided by 1.
0
Calculate the remainder when 67750 is divided by 19.
15
What is the remainder when 1999 is divided by 65?
49
Calculate the remainder when 23188 is divided by 3300.
88
Calculate the remainder when 9612 is divided by 33.
9
What is the remainder when 6116 is divided by 62?
40
Calculate the remainder when 3588 is divided by 1786.
16
What is the remainder when 3948 is divided by 3?
0
What is the remainder when 237 is divided by 53?
25
Calculate the remainder when 25466 is divided by 405.
356
Calculate the remainder when 3481 is divided by 35.
16
What is the remainder when 18227 is divided by 124?
123
Calculate the remainder when 24181 is divided by 7814.
739
What is the remainder when 5389 is divided by 42?
13
What is the remainder when 1642 is divided by 92?
78
What is the remainder when 467 is divided by 378?
89
What is the remainder when 267247 is divided by 37?
33
What is the remainder when 416579 is divided by 86?
81
Calculate the remainder when 6062 is divided by 674.
670
What is the remainder when 130044 is divided by 3422?
8
Calculate the remainder when 50382 is divided by 14.
10
What is the remainder when 24478 is divided by 845?
818
Calculate the remainder when 112983 is divided by 286.
13
What is the remainder when 3452 is divided by 579?
557
Calculate the remainder when 64009 is divided by 15.
4
What is the remainder when 1867 is divided by 205?
22
Calculate the remainder when 2588 is divided by 177.
110
Calculate the remainder when 259867 is divided by 32481.
19
What is the remainder when 395 is divided by 181?
33
What is the remainder when 1032 is divided by 82?
48
Calculate the remainder when 56092 is divided by 10.
2
What is the remainder when 34203 is divided by 34196?
7
Calculate the remainder when 358 is divided by 89.
2
Calculate the remainder when 6340 is divided by 88.
4
What is the remainder when 18669 is divided by 4?
1
Calculate the remainder when 2531 is divided by 112.
67
What is the remainder when 393346 is divided by 393322?
24
Calculate the remainder when 215 is divided by 155.
60
Calculate the remainder when 65352 is divided by 248.
128
Calculate the remainder when 18843 is divided by 349.
346
What is the remainder when 610 is divided by 373?
237
Calculate the remainder when 2957 is divided by 11.
9
Calculate the remainder when 7547 is divided by 135.
122
What is the remainder when 4635 is divided by 467?
432
What is the remainder when 58517 is divided by 55?
52
What is the remainder when 14886 is divided by 85?
11
What is the remainder when 1856 is divided by 744?
368
Calculate the remainder when 541 is divided by 116.
77
Calculate the remainder when 3858 is divided by 154.
8
Calculate the remainder when 1975 is divided by 918.
139
Calculate the remainder when 732653 is divided by 806.
805
What is the remainder when 9892 is divided by 291?
289
What is the remainder when 657 is divided by 561?
96
Calculate the remainder when 70751 is divided by 24.
23
What is the remainder when 9940 is divided by 498?
478
What is the remainder when 16861 is divided by 4197?
73
Calculate the remainder when 304334 is divided by 14.
2
Calculate the remainder when 3457 is divided by 15.
7
What is the remainder when 87819 is divided by 55?
39
Calculate the remainder when 3270 is divided by 1339.
592
What is the remainder when 23040 is divided by 112?
80
What is the remainder when 1401 is divided by 696?
9
Calculate the remainder when 5940 is divided by 2960.
20
Calculate the remainder when 32468 is divided by 738.
734
Calculate the remainder when 2047 is divided by 142.
59
What is the remainder when 14367 is divided by 14181?
186
Calculate the remainder when 53524 is divided by 66.
64
Calculate the remainder when 41069 is divided by 10262.
21
What is the remainder when 9878 is divided by 2463?
26
What is the remainder when 1812 is divided by 134?
70
Calculate the remainder when 238 is divided by 94.
50
What is the remainder when 52850 is divided by 198?
182
What is the remainder when 4837 is divided by 8?
5
What is the remainder when 11428 is divided by 89?
36
Calculate the remainder when 1234 is divided by 1190.
44
What is the remainder when 2136 is divided by 956?
224
Calculate the remainder when 4938 is divided by 2455.
28
Calculate the remainder when 31937 is divided by 5.
2
Calculate the remainder when 5210 is divided by 66.
62
Calculate the remainder when 13534 is divided by 28.
10
Calculate the remainder when 342671 is divided by 45.
41
Calculate the remainder when 290 is divided by 32.
2
What is the remainder when 708390 is divided by 354191?
8
What is the remainder when 3791 is divided by 148?
91
Calculate the remainder when 316495 is divided by 47.
44
Calculate the remainder when 2543 is divided by 161.
128
What is the remainder when 5119246 is divided by 961?
960
What is the remainder when 634372 is divided by 875?
872
Calculate the remainder when 14158 is divided by 2828.
18
Calculate the remainder when 22041 is divided by 6649.
2094
Calculate the remainder when 11969 is divided by 80.
49
Calculate the remainder when 14951 is divided by 43.
30
What is the remainder when 1494444 is divided by 675?
669
What is the remainder when 49556 is divided by 2?
0
What is the remainder when 42110 is divided by 89?
13
Calculate the remainder when 531207 is divided by 5.
2
Calculate the remainder when 10225 is divided by 218.
197
Calculate the remainder when 226 is divided by 82.
62
Calculate the remainder when 3189206 is divided by 19.
18
Calculate the remainder when 40895 is divided by 169.
166
What is the remainder when 543 is divided by 80?
63
What is the remainder when 4768 is divided by 217?
211
What is the remainder when 148583 is divided by 328?
327
Calculate the remainder when 11916 is divided by 632.
540
What is the remainder when 60813 is divided by 468?
441
What is the remainder when 103061 is divided by 10306?
1
What is the remainder when 560680 is divided by 54?
52
Calculate the remainder when 6691 is divided by 353.
337
Calculate the remainder when 2306 is divided by 232.
218
What is the remainder when 4202 is divided by 1378?
68
Calculate the remainder when 143382 is divided by 428.
2
What is the remainder when 372473 is divided by 37?
31
What is the remainder when 212 is divided by 192?
20
Calculate the remainder when 163978 is divided by 6559.
3
What is the remainder when 34473 is divided by 1568?
1545
What is the remainder when 3754 is divided by 3687?
67
Calculate the remainder when 187535 is divided by 13.
10
Calculate the remainder when 19149 is divided by 304.
301
What is the remainder when 5845 is divided by 50?
45
What is the remainder when 1735646 is divided by 7?
3
What is the remainder when 4166 is divided by 250?
166
What is the remainder when 48118 is divided by 570?
238
What is the remainder when 907097 is divided by 772?
769
What is the remainder when 284 is divided by 201?
83
Calculate the remainder when 769363 is divided by 252.
7
What is the remainder when 607725 is divided by 528?
525
Calculate the remainder when 5425 is divided by 17.
2
What is the remainder when 1050 is divided by 1047?
3
Calculate the remainder when 9318 is divided by 585.
543
Calculate the remainder when 444635 is divided by 63519.
2
What is the remainder when 76992 is divided by 175?
167
Calculate the remainder when 9648 is divided by 1361.
121
Calculate the remainder when 322728 is divided by 107571.
15
Calculate the remainder when 10223253 is divided by 204.
201
Calculate the remainder when 658 is divided by 20.
18
What is the remainder when 9193 is divided by 3054?
31
Calculate the remainder when 56533 is divided by 4341.
100
What is the remainder when 3537692 is divided by 688?
684
What is the remainder when 35343 is divided by 6?
3
Calculate the remainder when 22258 is divided by 530.
528
Calculate the remainder when 253605 is divided by 111.
81
Calculate the remainder when 926 is divided by 161.
121
Calculate the remainder when 26768 is divided by 1910.
28
Calculate the remainder when 13222 is divided by 26.
14
What is the remainder when 19794 is divid